{"id":2,"date":"2015-03-07T14:13:11","date_gmt":"2015-03-07T14:13:11","guid":{"rendered":"http:\/\/www.verenakohlmeier.at\/?page_id=2"},"modified":"2022-09-13T22:28:26","modified_gmt":"2022-09-13T20:28:26","slug":"beispiel-seite","status":"publish","type":"page","link":"http:\/\/www.verenakohlmeier.at\/","title":{"rendered":"Psychotherapie"},"content":{"rendered":"<blockquote>\n<p style=\"text-align: center;\"><a href=\"http:\/\/www.verenakohlmeier.at\/wp-content\/uploads\/2015\/06\/arbeitsweisen_rund.png\"><br \/>\n<img loading=\"lazy\" decoding=\"async\" class=\"alignleft size-thumbnail wp-image-1171\" src=\"http:\/\/www.verenakohlmeier.at\/wp-content\/uploads\/2015\/06\/arbeitsweisen_rund-150x150.png\" alt=\"\" width=\"150\" height=\"150\" srcset=\"http:\/\/www.verenakohlmeier.at\/wp-content\/uploads\/2015\/06\/arbeitsweisen_rund-150x150.png 150w, http:\/\/www.verenakohlmeier.at\/wp-content\/uploads\/2015\/06\/arbeitsweisen_rund-300x300.png 300w, http:\/\/www.verenakohlmeier.at\/wp-content\/uploads\/2015\/06\/arbeitsweisen_rund.png 500w\" sizes=\"auto, (max-width: 150px) 100vw, 150px\" \/><\/a><strong><span style=\"color: #957999;\">VERENA S\u00d6LKNER-KOHLMEIER<br \/>\n<\/span><\/strong><span style=\"color: #957999;\">Transaktionsanalytische Psychotherapeutin und S\u00e4uglings-, Kinder- und Jugendlichenpsychotherapeutin\u00a0<\/span><\/p>\n<\/blockquote>\n<h3><\/h3>\n<p>&nbsp;<\/p>\n<h3><span style=\"color: #008000;\"><span style=\"color: #957999;\">WILLKOMMEN<\/span><\/span><\/h3>\n<p><a href=\"http:\/\/www.verenakohlmeier.at\/wp-content\/uploads\/2020\/11\/verena_profil2-scaled.jpg\"><img loading=\"lazy\" decoding=\"async\" class=\"size-large wp-image-1602 aligncenter\" src=\"http:\/\/www.verenakohlmeier.at\/wp-content\/uploads\/2020\/11\/verena_profil2-894x1024.jpg\" alt=\"\" width=\"474\" height=\"543\" srcset=\"http:\/\/www.verenakohlmeier.at\/wp-content\/uploads\/2020\/11\/verena_profil2-894x1024.jpg 894w, http:\/\/www.verenakohlmeier.at\/wp-content\/uploads\/2020\/11\/verena_profil2-262x300.jpg 262w, http:\/\/www.verenakohlmeier.at\/wp-content\/uploads\/2020\/11\/verena_profil2-768x880.jpg 768w, http:\/\/www.verenakohlmeier.at\/wp-content\/uploads\/2020\/11\/verena_profil2-1341x1536.jpg 1341w, http:\/\/www.verenakohlmeier.at\/wp-content\/uploads\/2020\/11\/verena_profil2-1788x2048.jpg 1788w\" sizes=\"auto, (max-width: 474px) 100vw, 474px\" \/><\/a><\/p>\n<blockquote>\n<h3><\/h3>\n<h3><span style=\"color: #957999;\"><em>Psychotherapie<\/em><\/span><\/h3>\n<p>dient der Behandlung von seelischen Leidenszust\u00e4nden, welche sich auch k\u00f6rperlich ausdr\u00fccken k\u00f6nnen und psychischen Erkrankungen wie zum Beispiel Angstst\u00f6rungen und Depressionen. Sie ist hilfreich in belastenden Lebenssituationen und bei Problemen in Beziehungen zu anderen oder zu sich selbst.<br \/>\nDas <strong>Ziel<\/strong> ist die Ver\u00e4nderung von Einstellungen, Gef\u00fchlen oder Verhaltensweisen und die F\u00f6rderung von pers\u00f6nlichem Wachstum und Gesundheit.<\/p>\n<p>Die Psychotherapie findet in der <strong><span style=\"color: #957999;\">Beziehung<\/span><\/strong> zwischen Ihnen und mir statt. Dass Sie sich in Ihrem Leiden verstanden und gesehen f\u00fchlen ist wesentlich f\u00fcr die Zusammenarbeit.\u00a0 Bei einem Erstgespr\u00e4ch k\u00f6nnen wir uns kennenlernen.<\/p>\n<p>Meine <strong><span style=\"color: #957999;\">Zielgruppe<\/span><\/strong> sind Kinder, Jugendliche, Erwachsene, Paare, Eltern und Familien.<\/p><\/blockquote>\n<hr \/>\n<blockquote><p>&nbsp;<\/p>\n<p><span style=\"color: #008000;\"><span style=\"color: #808080;\">Praxis:<br \/>\nZIL &#8222;Zentrum f\u00fcr individuelle L\u00f6sungen&#8220;<br \/>\n<\/span><\/span>Greisdorf 5<br \/>\n<span style=\"color: #008000;\"><span style=\"color: #808080;\">8511 St. Stefan ob Stainz<\/span><br \/>\n<span style=\"color: #808080;\">Kontakt: 0676\/5851646<\/span><br \/>\n<span style=\"color: #808080;\">info@verenakohlmeier.at<\/span><br \/>\n<\/span><\/p><\/blockquote>\n<p>&nbsp;<\/p>\n<p>&nbsp;<\/p>\n<p>&nbsp;<\/p>\n","protected":false},"excerpt":{"rendered":"<p>VERENA S\u00d6LKNER-KOHLMEIER Transaktionsanalytische Psychotherapeutin und S\u00e4uglings-, Kinder- und Jugendlichenpsychotherapeutin\u00a0 &nbsp; WILLKOMMEN Psychotherapie dient der Behandlung von seelischen Leidenszust\u00e4nden, welche sich auch k\u00f6rperlich ausdr\u00fccken k\u00f6nnen und psychischen Erkrankungen wie zum Beispiel Angstst\u00f6rungen und Depressionen. Sie ist hilfreich in belastenden Lebenssituationen und bei Problemen in Beziehungen zu anderen oder zu sich selbst. Das Ziel ist die Ver\u00e4nderung &hellip; <a href=\"http:\/\/www.verenakohlmeier.at\/\" class=\"more-link\"><span class=\"screen-reader-text\">Psychotherapie<\/span> weiterlesen <span class=\"meta-nav\">&rarr;<\/span><\/a><\/p>\n","protected":false},"author":1,"featured_media":0,"parent":366,"menu_order":0,"comment_status":"closed","ping_status":"open","template":"page-templates\/full-width.php","meta":{"jetpack_post_was_ever_published":false,"footnotes":""},"class_list":["post-2","page","type-page","status-publish","hentry"],"yoast_head":"<!-- This site is optimized with the Yoast SEO plugin v27.5 - https:\/\/yoast.com\/product\/yoast-seo-wordpress\/ -->\n<title>Psychotherapie - Verena Kohlmeier<\/title>\n<meta name=\"robots\" content=\"index, follow, max-snippet:-1, max-image-preview:large, max-video-preview:-1\" \/>\n<link rel=\"canonical\" href=\"http:\/\/www.verenakohlmeier.at\/\" \/>\n<meta property=\"og:locale\" content=\"de_DE\" \/>\n<meta property=\"og:type\" content=\"article\" \/>\n<meta property=\"og:title\" content=\"Psychotherapie - Verena Kohlmeier\" \/>\n<meta property=\"og:description\" content=\"VERENA S\u00d6LKNER-KOHLMEIER Transaktionsanalytische Psychotherapeutin und S\u00e4uglings-, Kinder- und Jugendlichenpsychotherapeutin\u00a0 &nbsp; WILLKOMMEN Psychotherapie dient der Behandlung von seelischen Leidenszust\u00e4nden, welche sich auch k\u00f6rperlich ausdr\u00fccken k\u00f6nnen und psychischen Erkrankungen wie zum Beispiel Angstst\u00f6rungen und Depressionen. Sie ist hilfreich in belastenden Lebenssituationen und bei Problemen in Beziehungen zu anderen oder zu sich selbst. Das Ziel ist die Ver\u00e4nderung &hellip; Psychotherapie weiterlesen &rarr;\" \/>\n<meta property=\"og:url\" content=\"http:\/\/www.verenakohlmeier.at\/\" \/>\n<meta property=\"og:site_name\" content=\"Verena Kohlmeier\" \/>\n<meta property=\"article:modified_time\" content=\"2022-09-13T20:28:26+00:00\" \/>\n<meta property=\"og:image\" content=\"http:\/\/www.verenakohlmeier.at\/wp-content\/uploads\/2015\/06\/arbeitsweisen_rund-150x150.png\" \/>\n<meta name=\"twitter:label1\" content=\"Gesch\u00e4tzte Lesezeit\" \/>\n\t<meta name=\"twitter:data1\" content=\"2\u00a0Minuten\" \/>\n<script type=\"application\/ld+json\" class=\"yoast-schema-graph\">{\"@context\":\"https:\\\/\\\/schema.org\",\"@graph\":[{\"@type\":\"WebPage\",\"@id\":\"http:\\\/\\\/www.verenakohlmeier.at\\\/\",\"url\":\"http:\\\/\\\/www.verenakohlmeier.at\\\/\",\"name\":\"Psychotherapie - Verena Kohlmeier\",\"isPartOf\":{\"@id\":\"http:\\\/\\\/www.verenakohlmeier.at\\\/#website\"},\"primaryImageOfPage\":{\"@id\":\"http:\\\/\\\/www.verenakohlmeier.at\\\/#primaryimage\"},\"image\":{\"@id\":\"http:\\\/\\\/www.verenakohlmeier.at\\\/#primaryimage\"},\"thumbnailUrl\":\"http:\\\/\\\/www.verenakohlmeier.at\\\/wp-content\\\/uploads\\\/2015\\\/06\\\/arbeitsweisen_rund-150x150.png\",\"datePublished\":\"2015-03-07T14:13:11+00:00\",\"dateModified\":\"2022-09-13T20:28:26+00:00\",\"breadcrumb\":{\"@id\":\"http:\\\/\\\/www.verenakohlmeier.at\\\/#breadcrumb\"},\"inLanguage\":\"de\",\"potentialAction\":[{\"@type\":\"ReadAction\",\"target\":[\"http:\\\/\\\/www.verenakohlmeier.at\\\/\"]}]},{\"@type\":\"ImageObject\",\"inLanguage\":\"de\",\"@id\":\"http:\\\/\\\/www.verenakohlmeier.at\\\/#primaryimage\",\"url\":\"http:\\\/\\\/www.verenakohlmeier.at\\\/wp-content\\\/uploads\\\/2015\\\/06\\\/arbeitsweisen_rund.png\",\"contentUrl\":\"http:\\\/\\\/www.verenakohlmeier.at\\\/wp-content\\\/uploads\\\/2015\\\/06\\\/arbeitsweisen_rund.png\",\"width\":500,\"height\":500},{\"@type\":\"BreadcrumbList\",\"@id\":\"http:\\\/\\\/www.verenakohlmeier.at\\\/#breadcrumb\",\"itemListElement\":[{\"@type\":\"ListItem\",\"position\":1,\"name\":\"Startseite\",\"item\":\"http:\\\/\\\/www.verenakohlmeier.at\\\/\"},{\"@type\":\"ListItem\",\"position\":2,\"name\":\"Psychotherapie\",\"item\":\"http:\\\/\\\/www.verenakohlmeier.at\\\/?page_id=366\"},{\"@type\":\"ListItem\",\"position\":3,\"name\":\"Psychotherapie\"}]},{\"@type\":\"WebSite\",\"@id\":\"http:\\\/\\\/www.verenakohlmeier.at\\\/#website\",\"url\":\"http:\\\/\\\/www.verenakohlmeier.at\\\/\",\"name\":\"Verena Kohlmeier\",\"description\":\"\",\"potentialAction\":[{\"@type\":\"SearchAction\",\"target\":{\"@type\":\"EntryPoint\",\"urlTemplate\":\"http:\\\/\\\/www.verenakohlmeier.at\\\/?s={search_term_string}\"},\"query-input\":{\"@type\":\"PropertyValueSpecification\",\"valueRequired\":true,\"valueName\":\"search_term_string\"}}],\"inLanguage\":\"de\"}]}<\/script>\n<!-- \/ Yoast SEO plugin. -->","yoast_head_json":{"title":"Psychotherapie - Verena Kohlmeier","robots":{"index":"index","follow":"follow","max-snippet":"max-snippet:-1","max-image-preview":"max-image-preview:large","max-video-preview":"max-video-preview:-1"},"canonical":"http:\/\/www.verenakohlmeier.at\/","og_locale":"de_DE","og_type":"article","og_title":"Psychotherapie - Verena Kohlmeier","og_description":"VERENA S\u00d6LKNER-KOHLMEIER Transaktionsanalytische Psychotherapeutin und S\u00e4uglings-, Kinder- und Jugendlichenpsychotherapeutin\u00a0 &nbsp; WILLKOMMEN Psychotherapie dient der Behandlung von seelischen Leidenszust\u00e4nden, welche sich auch k\u00f6rperlich ausdr\u00fccken k\u00f6nnen und psychischen Erkrankungen wie zum Beispiel Angstst\u00f6rungen und Depressionen. Sie ist hilfreich in belastenden Lebenssituationen und bei Problemen in Beziehungen zu anderen oder zu sich selbst. Das Ziel ist die Ver\u00e4nderung &hellip; Psychotherapie weiterlesen &rarr;","og_url":"http:\/\/www.verenakohlmeier.at\/","og_site_name":"Verena Kohlmeier","article_modified_time":"2022-09-13T20:28:26+00:00","og_image":[{"url":"http:\/\/www.verenakohlmeier.at\/wp-content\/uploads\/2015\/06\/arbeitsweisen_rund-150x150.png","type":"","width":"","height":""}],"twitter_misc":{"Gesch\u00e4tzte Lesezeit":"2\u00a0Minuten"},"schema":{"@context":"https:\/\/schema.org","@graph":[{"@type":"WebPage","@id":"http:\/\/www.verenakohlmeier.at\/","url":"http:\/\/www.verenakohlmeier.at\/","name":"Psychotherapie - Verena Kohlmeier","isPartOf":{"@id":"http:\/\/www.verenakohlmeier.at\/#website"},"primaryImageOfPage":{"@id":"http:\/\/www.verenakohlmeier.at\/#primaryimage"},"image":{"@id":"http:\/\/www.verenakohlmeier.at\/#primaryimage"},"thumbnailUrl":"http:\/\/www.verenakohlmeier.at\/wp-content\/uploads\/2015\/06\/arbeitsweisen_rund-150x150.png","datePublished":"2015-03-07T14:13:11+00:00","dateModified":"2022-09-13T20:28:26+00:00","breadcrumb":{"@id":"http:\/\/www.verenakohlmeier.at\/#breadcrumb"},"inLanguage":"de","potentialAction":[{"@type":"ReadAction","target":["http:\/\/www.verenakohlmeier.at\/"]}]},{"@type":"ImageObject","inLanguage":"de","@id":"http:\/\/www.verenakohlmeier.at\/#primaryimage","url":"http:\/\/www.verenakohlmeier.at\/wp-content\/uploads\/2015\/06\/arbeitsweisen_rund.png","contentUrl":"http:\/\/www.verenakohlmeier.at\/wp-content\/uploads\/2015\/06\/arbeitsweisen_rund.png","width":500,"height":500},{"@type":"BreadcrumbList","@id":"http:\/\/www.verenakohlmeier.at\/#breadcrumb","itemListElement":[{"@type":"ListItem","position":1,"name":"Startseite","item":"http:\/\/www.verenakohlmeier.at\/"},{"@type":"ListItem","position":2,"name":"Psychotherapie","item":"http:\/\/www.verenakohlmeier.at\/?page_id=366"},{"@type":"ListItem","position":3,"name":"Psychotherapie"}]},{"@type":"WebSite","@id":"http:\/\/www.verenakohlmeier.at\/#website","url":"http:\/\/www.verenakohlmeier.at\/","name":"Verena Kohlmeier","description":"","potentialAction":[{"@type":"SearchAction","target":{"@type":"EntryPoint","urlTemplate":"http:\/\/www.verenakohlmeier.at\/?s={search_term_string}"},"query-input":{"@type":"PropertyValueSpecification","valueRequired":true,"valueName":"search_term_string"}}],"inLanguage":"de"}]}},"jetpack_sharing_enabled":true,"jetpack_shortlink":"https:\/\/wp.me\/P9d7WV-2","_links":{"self":[{"href":"http:\/\/www.verenakohlmeier.at\/index.php?rest_route=\/wp\/v2\/pages\/2","targetHints":{"allow":["GET"]}}],"collection":[{"href":"http:\/\/www.verenakohlmeier.at\/index.php?rest_route=\/wp\/v2\/pages"}],"about":[{"href":"http:\/\/www.verenakohlmeier.at\/index.php?rest_route=\/wp\/v2\/types\/page"}],"author":[{"embeddable":true,"href":"http:\/\/www.verenakohlmeier.at\/index.php?rest_route=\/wp\/v2\/users\/1"}],"replies":[{"embeddable":true,"href":"http:\/\/www.verenakohlmeier.at\/index.php?rest_route=%2Fwp%2Fv2%2Fcomments&post=2"}],"version-history":[{"count":66,"href":"http:\/\/www.verenakohlmeier.at\/index.php?rest_route=\/wp\/v2\/pages\/2\/revisions"}],"predecessor-version":[{"id":1641,"href":"http:\/\/www.verenakohlmeier.at\/index.php?rest_route=\/wp\/v2\/pages\/2\/revisions\/1641"}],"up":[{"embeddable":true,"href":"http:\/\/www.verenakohlmeier.at\/index.php?rest_route=\/wp\/v2\/pages\/366"}],"wp:attachment":[{"href":"http:\/\/www.verenakohlmeier.at\/index.php?rest_route=%2Fwp%2Fv2%2Fmedia&parent=2"}],"curies":[{"name":"wp","href":"https:\/\/api.w.org\/{rel}","templated":true}]}}

<blockquote>
<p style="text-align: center;"><a href="http://www.verenakohlmeier.at/wp-content/uploads/2015/06/arbeitsweisen_rund.png"><br />
<img loading="lazy" decoding="async" class="alignleft size-thumbnail wp-image-1171" src="http://www.verenakohlmeier.at/wp-content/uploads/2015/06/arbeitsweisen_rund-150x150.png" alt="" width="150" height="150" srcset="http://www.verenakohlmeier.at/wp-content/uploads/2015/06/arbeitsweisen_rund-150x150.png 150w, http://www.verenakohlmeier.at/wp-content/uploads/2015/06/arbeitsweisen_rund-300x300.png 300w, http://www.verenakohlmeier.at/wp-content/uploads/2015/06/arbeitsweisen_rund.png 500w" sizes="auto, (max-width: 150px) 100vw, 150px" /></a><strong><span style="color: #957999;">VERENA SÖLKNER-KOHLMEIER<br />
</span></strong><span style="color: #957999;">Transaktionsanalytische Psychotherapeutin und Säuglings-, Kinder- und Jugendlichenpsychotherapeutin </span></p>
</blockquote>
<h3></h3>
<p>&nbsp;</p>
<h3><span style="color: #008000;"><span style="color: #957999;">WILLKOMMEN</span></span></h3>
<p><a href="http://www.verenakohlmeier.at/wp-content/uploads/2020/11/verena_profil2-scaled.jpg"><img loading="lazy" decoding="async" class="size-large wp-image-1602 aligncenter" src="http://www.verenakohlmeier.at/wp-content/uploads/2020/11/verena_profil2-894x1024.jpg" alt="" width="474" height="543" srcset="http://www.verenakohlmeier.at/wp-content/uploads/2020/11/verena_profil2-894x1024.jpg 894w, http://www.verenakohlmeier.at/wp-content/uploads/2020/11/verena_profil2-262x300.jpg 262w, http://www.verenakohlmeier.at/wp-content/uploads/2020/11/verena_profil2-768x880.jpg 768w, http://www.verenakohlmeier.at/wp-content/uploads/2020/11/verena_profil2-1341x1536.jpg 1341w, http://www.verenakohlmeier.at/wp-content/uploads/2020/11/verena_profil2-1788x2048.jpg 1788w" sizes="auto, (max-width: 474px) 100vw, 474px" /></a></p>
<blockquote>
<h3></h3>
<h3><span style="color: #957999;"><em>Psychotherapie</em></span></h3>
<p>dient der Behandlung von seelischen Leidenszuständen, welche sich auch körperlich ausdrücken können und psychischen Erkrankungen wie zum Beispiel Angststörungen und Depressionen. Sie ist hilfreich in belastenden Lebenssituationen und bei Problemen in Beziehungen zu anderen oder zu sich selbst.<br />
Das <strong>Ziel</strong> ist die Veränderung von Einstellungen, Gefühlen oder Verhaltensweisen und die Förderung von persönlichem Wachstum und Gesundheit.</p>
<p>Die Psychotherapie findet in der <strong><span style="color: #957999;">Beziehung</span></strong> zwischen Ihnen und mir statt. Dass Sie sich in Ihrem Leiden verstanden und gesehen fühlen ist wesentlich für die Zusammenarbeit.  Bei einem Erstgespräch können wir uns kennenlernen.</p>
<p>Meine <strong><span style="color: #957999;">Zielgruppe</span></strong> sind Kinder, Jugendliche, Erwachsene, Paare, Eltern und Familien.</p></blockquote>
<hr />
<blockquote><p>&nbsp;</p>
<p><span style="color: #008000;"><span style="color: #808080;">Praxis:<br />
ZIL &#8222;Zentrum für individuelle Lösungen&#8220;<br />
</span></span>Greisdorf 5<br />
<span style="color: #008000;"><span style="color: #808080;">8511 St. Stefan ob Stainz</span><br />
<span style="color: #808080;">Kontakt: 0676/5851646</span><br />
<span style="color: #808080;">info@verenakohlmeier.at</span><br />
</span></p></blockquote>
<p>&nbsp;</p>
<p>&nbsp;</p>
<p>&nbsp;</p>

<p>VERENA SÖLKNER-KOHLMEIER Transaktionsanalytische Psychotherapeutin und Säuglings-, Kinder- und Jugendlichenpsychotherapeutin  &nbsp; WILLKOMMEN Psychotherapie dient der Behandlung von seelischen Leidenszuständen, welche sich auch körperlich ausdrücken können und psychischen Erkrankungen wie zum Beispiel Angststörungen und Depressionen. Sie ist hilfreich in belastenden Lebenssituationen und bei Problemen in Beziehungen zu anderen oder zu sich selbst. Das Ziel ist die Veränderung &hellip; <a href="http://www.verenakohlmeier.at/" class="more-link"><span class="screen-reader-text">Psychotherapie</span> weiterlesen <span class="meta-nav">&rarr;</span></a></p>

<!-- This site is optimized with the Yoast SEO plugin v27.5 - https://yoast.com/product/yoast-seo-wordpress/ -->
<title>Psychotherapie - Verena Kohlmeier</title>
<meta name="robots" content="index, follow, max-snippet:-1, max-image-preview:large, max-video-preview:-1" />
<link rel="canonical" href="http://www.verenakohlmeier.at/" />
<meta property="og:locale" content="de_DE" />
<meta property="og:type" content="article" />
<meta property="og:title" content="Psychotherapie - Verena Kohlmeier" />
<meta property="og:description" content="VERENA SÖLKNER-KOHLMEIER Transaktionsanalytische Psychotherapeutin und Säuglings-, Kinder- und Jugendlichenpsychotherapeutin  &nbsp; WILLKOMMEN Psychotherapie dient der Behandlung von seelischen Leidenszuständen, welche sich auch körperlich ausdrücken können und psychischen Erkrankungen wie zum Beispiel Angststörungen und Depressionen. Sie ist hilfreich in belastenden Lebenssituationen und bei Problemen in Beziehungen zu anderen oder zu sich selbst. Das Ziel ist die Veränderung &hellip; Psychotherapie weiterlesen &rarr;" />
<meta property="og:url" content="http://www.verenakohlmeier.at/" />
<meta property="og:site_name" content="Verena Kohlmeier" />
<meta property="article:modified_time" content="2022-09-13T20:28:26+00:00" />
<meta property="og:image" content="http://www.verenakohlmeier.at/wp-content/uploads/2015/06/arbeitsweisen_rund-150x150.png" />
<meta name="twitter:label1" content="Geschätzte Lesezeit" />
	<meta name="twitter:data1" content="2 Minuten" />
<script type="application/ld+json" class="yoast-schema-graph">{"@context":"https:\/\/schema.org","@graph":[{"@type":"WebPage","@id":"http:\/\/www.verenakohlmeier.at\/","url":"http:\/\/www.verenakohlmeier.at\/","name":"Psychotherapie - Verena Kohlmeier","isPartOf":{"@id":"http:\/\/www.verenakohlmeier.at\/#website"},"primaryImageOfPage":{"@id":"http:\/\/www.verenakohlmeier.at\/#primaryimage"},"image":{"@id":"http:\/\/www.verenakohlmeier.at\/#primaryimage"},"thumbnailUrl":"http:\/\/www.verenakohlmeier.at\/wp-content\/uploads\/2015\/06\/arbeitsweisen_rund-150x150.png","datePublished":"2015-03-07T14:13:11+00:00","dateModified":"2022-09-13T20:28:26+00:00","breadcrumb":{"@id":"http:\/\/www.verenakohlmeier.at\/#breadcrumb"},"inLanguage":"de","potentialAction":[{"@type":"ReadAction","target":["http:\/\/www.verenakohlmeier.at\/"]}]},{"@type":"ImageObject","inLanguage":"de","@id":"http:\/\/www.verenakohlmeier.at\/#primaryimage","url":"http:\/\/www.verenakohlmeier.at\/wp-content\/uploads\/2015\/06\/arbeitsweisen_rund.png","contentUrl":"http:\/\/www.verenakohlmeier.at\/wp-content\/uploads\/2015\/06\/arbeitsweisen_rund.png","width":500,"height":500},{"@type":"BreadcrumbList","@id":"http:\/\/www.verenakohlmeier.at\/#breadcrumb","itemListElement":[{"@type":"ListItem","position":1,"name":"Startseite","item":"http:\/\/www.verenakohlmeier.at\/"},{"@type":"ListItem","position":2,"name":"Psychotherapie","item":"http:\/\/www.verenakohlmeier.at\/?page_id=366"},{"@type":"ListItem","position":3,"name":"Psychotherapie"}]},{"@type":"WebSite","@id":"http:\/\/www.verenakohlmeier.at\/#website","url":"http:\/\/www.verenakohlmeier.at\/","name":"Verena Kohlmeier","description":"","potentialAction":[{"@type":"SearchAction","target":{"@type":"EntryPoint","urlTemplate":"http:\/\/www.verenakohlmeier.at\/?s={search_term_string}"},"query-input":{"@type":"PropertyValueSpecification","valueRequired":true,"valueName":"search_term_string"}}],"inLanguage":"de"}]}</script>
<!-- / Yoast SEO plugin. -->

VERENA SÖLKNER-KOHLMEIER Transaktionsanalytische Psychotherapeutin und Säuglings-, Kinder- und Jugendlichenpsychotherapeutin  &nbsp; WILLKOMMEN Psychotherapie dient der Behandlung von seelischen Leidenszuständen, welche sich auch körperlich ausdrücken können und psychischen Erkrankungen wie zum Beispiel Angststörungen und Depressionen. Sie ist hilfreich in belastenden Lebenssituationen und bei Problemen in Beziehungen zu anderen oder zu sich selbst. Das Ziel ist die Veränderung &hellip; Psychotherapie weiterlesen &rarr;
